actors of 64984.
2, 8123
List the prime factors of 17113240.
2, 5, 31, 37, 373
List the prime factors of 4050666.
2, 3, 225037
What are the prime factors of 90581?
239, 379
List the prime factors of 102203.
102203
List the prime factors of 381365.
5, 89, 857
What are the prime factors of 1721076?
2, 3, 7, 2927
List the prime factors of 101039.
23, 191
List the prime factors of 233140.
2, 5, 11657
What are the prime factors of 25655362?
2, 3331, 3851
What are the prime factors of 14672189?
7, 401, 5227
What are the prime factors of 949737?
3, 197, 1607
What are the prime factors of 838475?
5, 11, 3049
What are the prime factors of 1421881?
43, 769
List the prime factors of 566744.
2, 70843
List the prime factors of 139347.
3, 13, 397
List the prime factors of 5229835.
5, 13, 61, 1319
List the prime factors of 11954648.
2, 19, 78649
List the prime factors of 252565.
5, 50513
What are the prime factors of 7726918?
2, 229, 16871
What are the prime factors of 324451?
324451
What are the prime factors of 49998?
2, 3, 13, 641
What are the prime factors of 690832?
2, 43177
What are the prime factors of 10811850?
2, 3, 5, 7, 1471
What are the prime factors of 881973?
3, 43, 53
List the prime factors of 31020.
2, 3, 5, 11, 47
What are the prime factors of 525713?
525713
List the prime factors of 2765814.
2, 3, 460969
What are the prime factors of 23817887?
19, 59, 21247
What are the prime factors of 3116368?
2, 31, 61, 103
List the prime factors of 2008362.
2, 3, 334727
What are the prime factors of 297395?
5, 7, 29, 293
What are the prime factors of 3741839?
59, 63421
List the prime factors of 1470131.
13, 8699
List the prime factors of 6803480.
2, 5, 79, 2153
List the prime factors of 96892.
2, 24223
List the prime factors of 10707.
3, 43, 83
What are the prime factors of 1447777?
1447777
What are the prime factors of 2196787?
89, 24683
List the prime factors of 938386.
2, 469193
List the prime factors of 13203137.
197, 67021
What are the prime factors of 1340425?
5, 53617
What are the prime factors of 942051?
3, 11, 28547
List the prime factors of 344923.
131, 2633
What are the prime factors of 557497?
23, 24239
List the prime factors of 1869971.
1869971
What are the prime factors of 1498299?
3, 11, 45403
What are the prime factors of 106239?
3, 7, 5059
List the prime factors of 20722141.
11, 19, 99149
What are the prime factors of 25524024?
2, 3, 1063501
What are the prime factors of 6303202?
2, 3151601
List the prime factors of 803225.
5, 19, 89
List the prime factors of 29389384.
2, 101, 36373
What are the prime factors of 2833375?
5, 19, 1193
What are the prime factors of 806005?
5, 161201
What are the prime factors of 1516350?
2, 3, 5, 11, 919
List the prime factors of 1550585.
5, 310117
List the prime factors of 10418787.
3, 293, 439
List the prime factors of 12129033.
3, 7, 577573
List the prime factors of 1457971.
17, 139, 617
List the prime factors of 2482385.
5, 496477
List the prime factors of 1007667.
3, 37321
What are the prime factors of 6264467?
11, 569497
List the prime factors of 1166419.
443, 2633
What are the prime factors of 130443?
3, 43481
List the prime factors of 41565710.
2, 5, 4156571
What are the prime factors of 151351?
17, 29, 307
List the prime factors of 281221.
23, 12227
What are the prime factors of 20241070?
2, 5, 2024107
List the prime factors of 4760170.
2, 5, 17, 28001
List the prime factors of 513930.
2, 3, 5, 37, 463
List the prime factors of 379073.
379073
List the prime factors of 5354952.
2, 3, 23, 89, 109
What are the prime factors of 13934371?
11, 1266761
What are the prime factors of 964754?
2, 7, 137, 503
List the prime factors of 7316208.
2, 3, 23, 47
List the prime factors of 902105.
5, 17, 10613
List the prime factors of 6897786.
2, 3, 7, 164233
What are the prime factors of 1427563?
1427563
List the prime factors of 6033178.
2, 3016589
List the prime factors of 362954.
2, 173, 1049
List the prime factors of 218182.
2, 43, 59
What are the prime factors of 1142768?
2, 11, 43, 151
What are the prime factors of 5931164?
2, 17, 87223
List the prime factors of 9313248.
2, 3, 7, 13859
What are the prime factors of 209657?
7, 61, 491
What are the prime factors of 13099850?
2, 5, 37, 73, 97
List the prime factors of 19865012.
2, 1277, 3889
What are the prime factors of 337602?
2, 3, 56267
What are the prime factors of 905719?
905719
What are the prime factors of 238347?
3, 71, 373
What are the prime factors of 4581939?
3, 1527313
List the prime factors of 1900862.
2, 59, 89, 181
What are the prime factors of 23540303?
23540303
List the prime factors of 235846.
2, 13, 47, 193
What are the prime factors of 1094316?
2, 3, 91193
List the prime factors of 43250.
2, 5, 173
What are the prime factors of 707298?
2, 3, 117883
List the prime factors of 681939.
3, 8419
What are the prime factors of 35063?
7, 5009
What are the prime factors of 13789201?
13789201
List the prime factors of 553959.
3, 7, 977
What are the prime factors of 12106800?
2, 3, 5, 19, 59
What are the prime factors of 1071887?
31, 71, 487
List the prime factors of 460856.
2, 11, 5237
What are the prime factors of 346971?
3, 115657
What are the prime factors of 3078?
2, 3, 19
What are the prime factors of 265916?
2, 7, 9497
What are the prime factors of 247904?
2, 61, 127
What are the prime factors of 133023?
3, 11, 29, 139
List the prime factors of 138696.
2, 3, 5779
What are the prime factors of 315308?
2, 7, 11261
What are the prime factors of 11876045?
5, 19, 149, 839
What are the prime factors of 196245?
3, 5, 7, 89
What are the prime factors of 533062?
2, 179, 1489
What are the prime factors of 1716587?
563, 3049
List the prime factors of 7780332.
2, 3, 7, 92623
List the prime factors of 176557.
176557
What are the prime factors of 223949?
11, 20359
List the prime factors of 40958721.
3, 509, 8941
What are the prime factors of 7999476?
2, 3, 29, 127, 181
What are the prime factors of 1954897?
7, 193, 1447
List the prime factors of 716894.
2, 358447
List the prime factors of 29508.
2, 3, 2459
What are the prime factors of 5481525?
3, 5, 7, 53, 197
List the prime factors of 3426478.
2, 11, 14159
What are the prime factors of 1827454?
2, 47, 19441
What are the prime factors of 256771?
256771
What are the prime factors of 12087259?
23, 525533
List the prime factors of 209558.
2, 104779
What are the prime factors of 5120337?
3, 211, 8089
List the prime factors of 641043.
3, 13, 5479
List the prime factors of 574759.
359, 1601
What are the prime factors of 27364963?
23, 409, 2909
What are the prime factors of 19367504?
2, 13, 93113
What are the prime factors of 554102?
2, 277051
What are the prime factors of 714049?
7, 83, 1229
List the prime factors of 391137.
3, 130379
List the prime factors of 1541247.
3, 513749
What are the prime factors of 27513528?
2, 3, 7, 163771
What are the prime factors of 3448443?
3, 19, 101, 599
List the prime factors of 1307803.
7, 23, 8123
What are the prime factors of 5427776?
2, 84809
What are the prime factors of 111896?
2, 71, 197
List the prime factors of 12493790.
2, 5, 37, 33767
What are the prime factors of 259415?
5, 13, 307
What are the prime factors of 233804?
2, 58451
What are the prime factors of 1657713?
3, 101, 5471
What are the prime factors of 913973?
31, 29483
List the prime factors of 1829031.
3, 31, 71, 277
List the prime factors of 4809287.
7, 687041
List the prime factors of 107708.
2, 26927
What are the prime factors of 34939?
34939
List the prime factors of 239591.
11, 23, 947
List the prime factors of 195087.
3, 65029
List the prime factors of 623431.
623431
List the prime factors of 2159056.
2, 23, 5867
What are the prime factors of 184513?
7, 43, 613
List the prime factors of 1038764.
2, 259691
What are the prime factors of 1056328?
2, 7, 13, 1451
List the prime factors of 94230.
2, 3, 5, 349
List the prime factors of 886890.
2, 3, 5, 17, 37, 47
What are the prime factors of 1596062?
2, 13, 17, 23, 157
What are the prime factors of 1130838?
2, 3, 188473
What are the prime factors of 168371?
7, 67, 359
List the prime factors of 16858222.
2, 29, 290659
List the prime factors of 2010059.
367, 5477
List the prime factors of 382698.
2, 3, 19, 373
What are the prime factors of 2558650?
2, 5, 73,